14?
0
What is the hundreds digit of 589370319?
3
What is the ten millions digit of 78089426?
7
What is the hundred thousands digit of 271542872?
5
What is the millions digit of 171898346?
1
What is the tens digit of 89975866?
6
What is the hundred thousands digit of 574473697?
4
What is the thousands digit of 3204815978?
5
What is the millions digit of 5868033454?
8
What is the hundred thousands digit of 316043477?
0
What is the hundred millions digit of 426641915?
4
What is the millions digit of 51176938?
1
What is the ten millions digit of 2817322548?
1
What is the units digit of 14283217?
7
What is the millions digit of 2745234202?
5
What is the ten thousands digit of 16812348?
1
What is the units digit of 498762886?
6
What is the millions digit of 1602650205?
2
What is the millions digit of 62016291?
2
What is the ten thousands digit of 56052385?
5
What is the thousands digit of 36886382?
6
What is the tens digit of 64473352?
5
What is the ten millions digit of 38405667?
3
What is the ten thousands digit of 53237302?
3
What is the hundred thousands digit of 50337350?
3
What is the thousands digit of 107121660?
1
What is the units digit of 48932807?
7
What is the thousands digit of 80433470?
3
What is the millions digit of 1757147640?
7
What is the units digit of 37630159?
9
What is the units digit of 69516896?
6
What is the ten millions digit of 1367037877?
6
What is the millions digit of 322268536?
2
What is the ten millions digit of 104275758?
0
What is the ten thousands digit of 124374244?
7
What is the ten thousands digit of 24626535?
2
What is the hundred thousands digit of 20446639?
4
What is the units digit of 4292620?
0
What is the hundred millions digit of 424060588?
4
What is the ten thousands digit of 74270118?
7
What is the tens digit of 22857908?
0
What is the ten thousands digit of 32724771?
2
What is the hundred thousands digit of 12923834?
9
What is the ten thousands digit of 102699080?
9
What is the hundred millions digit of 912470084?
9
What is the ten thousands digit of 65930850?
3
What is the ten millions digit of 243468952?
4
What is the ten thousands digit of 904247694?
4
What is the units digit of 690029811?
1
What is the hundreds digit of 6917088?
0
What is the billions digit of 1415848199?
1
What is the thousands digit of 113274087?
4
What is the ten millions digit of 751198252?
5
What is the millions digit of 2725410856?
5
What is the units digit of 141793391?
1
What is the thousands digit of 1104000556?
0
What is the tens digit of 62886070?
7
What is the tens digit of 2391366183?
8
What is the units digit of 61590119?
9
What is the hundred thousands digit of 239075732?
0
What is the tens digit of 575269702?
0
What is the ten thousands digit of 294856265?
5
What is the units digit of 80521929?
9
What is the tens digit of 198901942?
4
What is the ten millions digit of 15000040?
1
What is the thousands digit of 418771749?
1
What is the millions digit of 3284147650?
4
What is the hundreds digit of 429588008?
0
What is the tens digit of 186619916?
1
What is the ten thousands digit of 147560272?
6
What is the hundred thousands digit of 28319923?
3
What is the ten thousands digit of 3100212721?
1
What is the thousands digit of 328600876?
0
What is the thousands digit of 58929383?
9
What is the ten millions digit of 62557366?
6
What is the millions digit of 281406142?
1
What is the billions digit of 1340492741?
1
What is the billions digit of 4115213129?
4
What is the units digit of 235540504?
4
What is the thousands digit of 162190336?
0
What is the hundred thousands digit of 500021885?
0
What is the thousands digit of 1440155650?
5
What is the thousands digit of 66293875?
3
What is the hundreds digit of 2423211061?
0
What is the hundred thousands digit of 57734457?
7
What is the units digit of 46258148?
8
What is the hundred thousands digit of 26443312?
4
What is the ten thousands digit of 20139334?
3
What is the ten thousands digit of 841860341?
6
What is the millions digit of 96659593?
6
What is the tens digit of 237124051?
5
What is the thousands digit of 32739122?
9
What is the tens digit of 6282092302?
0
What is the thousands digit of 48282848?
2
What is the ten thousands digit of 245324?
4
What is the hundred millions digit of 181330511?
1
What is the tens digit of 48551761?
6
What is the hundred millions digit of 219311140?
2
What is the thousands digit of 56092957?
2
What is the units digit of 47192923?
3
What is the tens digit of 922585544?
4
What is the ten millions digit of 341608561?
4
What is the hundred thousands digit of 22065160?
0
What is the ten thousands digit of 2988244064?
4
What is the ten thousands digit of 3327634363?
3
What is the ten millions digit of 5675377296?
7
What is the hundred thousands digit of 2111528841?
5
What is the hundred thousands digit of 381884445?
8
What is the ten thousands digit of 194347462?
4
What is the thousands digit of 324126254?
6
What is the tens digit of 7422553713?
1
What is the units digit of 1312086537?
7
What is the ten millions digit of 89392746?
8
What is the hundred thousands digit of 382538061?
5
What is the hundreds digit of 129319694?
6
What is the tens digit of 465083468?
6
What is the millions digit of 587020648?
7
What is the hundred thousands digit of 20820993?
8
What is the ten millions digit of 322206033?
2
What is the hundred millions digit of 363327973?
3
What is the millions digit of 231732395?
1
What is the units digit of 598501384?
4
What is the thousands digit of 129404305?
4
What is the hundreds digit of 46488703?
7
What is the millions digit of 353674917?
3
What is the hundreds digit of 95447208?
2
What is the units digit of 24298923?
3
What is the hundreds digit of 6117479467?
4
What is the ten millions digit of 222130072?
2
What is the ten thousands digit of 29567227?
6
What is the hundred millions digit of 1071055143?
0
What is the units digit of 4678933209?
9
What is the units digit of 684853943?
3
What is the billions digit of 1726086276?
1
What is the hundred thousands digit of 100032109?
0
What is the millions digit of 225521277?
5
What is the millions digit of 626506632?
6
What is the hundreds digit of 2750692527?
5
What is the hundred millions digit of 213797027?
2
What is the units digit of 58703979?
9
What is the millions digit of 2445272788?
5
What is the hundred thousands digit of 125466796?
4
What is the millions digit of 40114616?
0
What is the ten millions digit of 763653508?
6
What is the units digit of 19838362?
2
What is the hundred thousands digit of 74472173?
4
What is the millions digit of 178406962?
8
What is the hundred thousands digit of 1481704656?
7
What is the hundreds digit of 6088791841?
8
What is the ten thousands digit of 13924931?
2
What is the hundreds digit of 188398487?
4
What is the hundreds digit of 117573346?
3
What is the units digit of 145431068?
8
What is the ten thousands digit of 1229624399?
2
What is the hundreds digit of 45139196?
1
What is the units digit of 165903494?
4
What is the units digit of 212009793?
3
What is the hundred thousands digit of 6527869?
5
What is the hundreds digit of 743098896?
8
What is the units digit of 1979947429?
9
What is the ten thousands digit of 2018822507?
2
What is the units digit of 372912583?
3
What is the hundred millions digit of 7303265019?
3
What is the ten thousands digit of 26894233?
9
What is the thousands digit of 33548630?
8
What is the hundred thousands digit of 3467120?
4
What is the hundred thousands digit of 128812181?
8
What is the ten thousands digit of 76772671?
7
What is the ten millions digit of 357762594?
5
What is the thousands digit of 306049261?
9
What is the ten millions digit of 244359824?
4
What is the hundred thousands digit of 13374587?
3
What is the units digit of 28118537?
7
What is the millions digit of 458715522?
8
What is the ten millions digit of 88705816?
8
What is the millions digit of 1461273?
1
What is the units digit of 39507930?
0
What is the ten thousands digit of 1026584979?
8
What is the ten thousands digit of 138895320?
9
What is the ten millions digit of 77284331?
7
What is the millions digit of 2407182633?
7
What is the tens digit of 2108538375?
7
What is the billions digit of 1463540263?
1
What is the thousand